4 - (-4)/(-14). Suppose -j + h = 3*b, 0*b - 24 = -2*b + 2*j. Suppose 2*o - 1 = b. What is the units digit of o?
4
Suppose -2*v + i - 11 = -4*v, 2*i = -v + 7. Suppose 2*l + 7*c + 2 = 4*c, -2*l = -v*c - 14. What is the units digit of -2*l/4 + 4?
3
Let x(h) = 2*h**2 + 5*h + 6. What is the tens digit of x(-4)?
1
Let t = 65 + -38. What is the units digit of t?
7
Suppose -5*z + 5*k + 20 = -15, 0 = -5*z + 2*k + 23. Suppose -s + 5 = -3*g, z*s - 2*g + 2 = 24. Suppose 0*r = 2*r - s. What is the units digit of r?
4
Let p = -1 - -3. Let w(s) = 4*s**3 - 3*s**3 + 7*s**p + 2 + 1. What is the units digit of w(-7)?
3
Let l(q) = -q + 9. Let i be l(7). Suppose 4*j - i - 18 = 3*p, 0 = -j + 3*p + 5. What is the units digit of j?
5
Let z be 238/6 - (-5)/15. Suppose -5*b = -b - z. What is the tens digit of b?
1
Suppose 2*x - 1 + 3 = -2*n, 3*x + n = 5. Let l = x - 0. What is the units digit of (11 - 3/l) + -1?
9
Let k be -1*(2 + 1)*21. What is the tens digit of (-4)/(-18) + (-2065)/k?
3
Let w be 6/9*21/1. Suppose p = -2*i + w, -3*i - 5*p + p = -11. What is the units digit of i?
9
Let y be 3*1 - (2 - 3). Suppose -3*c = 4 + 5. What is the units digit of (-2)/6 - y/c?
1
Suppose 3*a = 4*h + h + 41, -a = -2*h - 15. Let q = 17 - a. What is the units digit of (-15)/10*q/(-3)?
5
What is the hundreds digit of ((-29)/(-4))/((-15)/(-360))?
1
Suppose -3*m - 28 = -3*o - o, 4*o = -3*m + 4. Suppose o*f = -0*f. Suppose f = -4*a - 0*a + 28. What is the units digit of a?
7
Let j be ((-1)/4)/((-2)/24). Suppose j*d = 133 + 11. What is the units digit of d?
8
Let j(r) = r - 5. Let d be j(7). Suppose -d*l + 330 = 3*l. Suppose 0 = 3*k + 12 - l. What is the tens digit of k?
1
Let n(l) = -7*l - 2*l - 2*l. What is the tens digit of n(-1)?
1
Let k = -279 - -459. What is the units digit of k?
0
Let z = 77 - 23. Suppose 0 = -2*w + 5*w - z. What is the tens digit of w?
1
Suppose -9 = -4*i + i + 3*j, -2*j = -3*i + 7. Suppose -i = -3*c + 35. What is the tens digit of c?
1
Let b = 114 + -38. What is the tens digit of b?
7
Let g(h) = h**2 + h - 3. Let s be g(-4). Let a(y) = -y + 13. Let l be a(s). Let m = 4 + l. What is the units digit of m?
8
Let j = 83 - 36. What is the units digit of j?
7
Let l(i) = 1 - 4 + 2 + i. What is the units digit of l(5)?
4
Let t = -11 + 217. What is the tens digit of t?
0
Suppose 73 + 9 = -5*t + n, -2*n + 79 = -5*t. Let c = -5 - 3. Let w = c - t. What is the units digit of w?
9
Let x(u) be the third derivative of u**4/8 + u**3/3 - 3*u**2. What is the units digit of x(3)?
1
Suppose -662 = 8*y - 1982. What is the tens digit of y?
6
Let s(d) = -d**2 + 3*d - 9. Let q(l) = -3*l**2 + 10*l - 27. Let p(j) = 6*q(j) - 17*s(j). Let x be p(8). What is the tens digit of 2/(0 + x/(-5))?
1
Let a(n) = 5*n**3 - n + 1. Let g be a(1). What is the units digit of (9/g)/((-1)/(-5))?
9
What is the units digit of (-4)/14 + (-23)/(-7)?
3
What is the tens digit of 1558/4 - 4 - 3/2?
8
What is the tens digit of 0 + -2 + (3 - -21) + 1?
2
Let v be 3 + -1 - (-1 + 1). Suppose -2*c + 5*y - 9 = 0, -7*c + 2*y + 9 = -v*c. Suppose 5*p + 25 = 0, c*p = 5*l - p - 50. What is the units digit of l?
6
Let x(w) = w**3 + 4*w**2 + 3*w + 3. Let k(q) = 2*q + 7. Let n = -11 - -6. Let d be k(n). What is the units digit of x(d)?
3
Suppose 2*d - 3 = -d. Let l = 3 + -1. Let r = l + d. What is the units digit of r?
3
Let a = 6 - 4. Let h be 1 + (a - -1 - 1). Suppose -w - h = -2*l - 2, -4*l - 4*w = -8. What is the units digit of l?
1
Let n be (6 - 3) + (-2)/(-2). Suppose 0 = 3*l - n - 20. What is the units digit of l?
8
Suppose -5*g = 2*k - 225, 0 = -3*g - g + 3*k + 157. Suppose -c + 3*p + 7 = -11, 3*c = -2*p + g. What is the units digit of c?
5
Let d be (-18 - -155)*(1 + -2). Let f = -82 - d. What is the tens digit of f?
5
Let h be (-2 - -1 - -1) + 2. Let k(w) = h*w + 0*w - w**3 + 0*w. What is the units digit of k(-2)?
4
Suppose 0*d = -4*d - 416. Let z = -74 - d. Suppose 0 = -4*b + 10 + z. What is the tens digit of b?
1
Suppose -6*r = -5*r + 4*p - 26, -4*r + 29 = p. What is the units digit of r?
6
Let n = -38 - -44. Let f(a) = a**3 - a**2 + a + 7. Let l be f(0). Let j = l - n. What is the units digit of j?
1
Let s(b) = 4*b - 6. Let h be s(14). Suppose -6*a = -4*a - h. What is the tens digit of a?
2
Let d = 9 - 5. Suppose d*b - 13 = 7. What is the units digit of b?
5
Let v(u) = 3*u + 1. What is the units digit of v(2)?
7
Let f = -1 - -43. Let w = f - 19. Let d = -16 + w. What is the units digit of d?
7
Let q = 8 + -8. Suppose -2*x - 5*u - 5 = q, -2*x - x + 2*u = -21. What is the units digit of x?
5
Suppose -4*c + 311 = s, s - 27 + 255 = 3*c. What is the units digit of c?
7
Suppose -2*q - m = -5*q + 8, -q + 4*m = 12. Suppose s - 13 = -q*u, 3*u = -4 + 10. What is the units digit of s?
5
Let n(o) = o**3 - 42*o + 7. What is the tens digit of n(8)?
8
Suppose 2*b - 5*b = -198. What is the tens digit of b?
6
Let k be (-18)/(-3)*3/9. Suppose k*j - 47 = 3. What is the tens digit of j?
2
Let a be (-12)/(-1)*2/(-4). Let u be ((-4)/a)/((-2)/3). What is the units digit of (u - 2)/((-9)/24)?
8
Let n(a) be the third derivative of -a**5/10 + 3*a**4/4 + a**2. Let s(k) = k. Let d(y) = -n(y) + 18*s(y). What is the units digit of d(1)?
6
Suppose 10*k + 160 = 12*k. What is the tens digit of k?
8
Let t(r) = -r**2 + 3*r + 8. What is the units digit of t(4)?
4
What is the units digit of 737/(-6)*-2 + 6/(-9)?
5
Suppose 3*q - q = 6. Let w be q/(-1)*-1*1. Suppose -2 = w*c - 14. What is the units digit of c?
4
Let y be 2/5 + (-132)/(-20). Let n(f) = -f - 10. Let x be n(-13). Let i = y - x. What is the units digit of i?
4
Let i(b) = b - 7. Let x be i(6). Let g = 3 - x. What is the units digit of g?
4
Let s(n) = n**2 + n + 15. Let t be s(0). Suppose -t = -2*h + 3. Suppose 2*c - 5*c + h = 0, 0 = -2*q + c + 27. What is the tens digit of q?
1
Suppose -477 - 343 = -4*u. What is the units digit of u?
5
Let a be 1071/54 + 1/6. Suppose -5*u = 3*m + 9, 0 = 5*m - 4*u + 6 - 28. Suppose -5*t = -3*h - 98, -t + a = h + m. What is the units digit of t?
9
Suppose 5*m + 1815 = 5*d, -4*d + 2*d + 726 = m. What is the units digit of d?
3
Suppose -7*g + 5*g + 146 = 0. What is the tens digit of g?
7
Suppose 8 = -3*m + 7*m. Suppose -m*v + 7*v = 140. What is the units digit of v?
8
Suppose -2*h + h + 5 = 0. Let d = h - -17. What is the tens digit of d?
2
Suppose 846 = 4*s - 3*y, 0 = -6*s + 7*s + y - 208. What is the tens digit of s?
1
Let x(y) be the first derivative of -y**2/2 + 2*y + 1. Let m(o) = -o + 4. Let p be m(6). What is the units digit of x(p)?
4
Let z(u) = u**2 - 6*u + 18. What is the units digit of z(11)?
3
Let b(d) = -d. Let t be b(-3). Suppose 56 = t*c + c. What is the tens digit of c?
1
Let s = 4 - 1. What is the units digit of s?
3
Let l be ((-54)/8)/(18/(-48)). Suppose 6*s = 3*s + l. What is the units digit of s?
6
Suppose -3*p = -57 - 24. Suppose 5*x = 3*z - 25, -2*z - p = 4*x - 3*z. Let g(s) = -s + 2. What is the units digit of g(x)?
0
Suppose 35 = 5*o - 5*x, -19 = -3*o + 2*x + 2*x. Suppose -o = -r - 2*r. Suppose 2*m = -3*i - r, -i + 8 = -2*m - 5*i. What is the units digit of m?
6
Let k(z) = z. Let l be k(7). Suppose 10 = d - l. What is the tens digit of d?
1
Suppose o = -2*b + b + 62, 5*b + 4*o = 310. What is the tens digit of b?
6
What is the hundreds digit of 50/8*(2 + 14)?
1
Let a be (-2)/4 - 260/8. What is the units digit of 468/33 + 6/a?
4
What is the units digit of 2*4*(-6)/(-12)?
4
Let j(x) = 28*x**2 - 2. What is the tens digit of j(-2)?
1
Let n(i) = -i**3 - 3*i**2 + 4*i + 14. What is the units digit of n(-6)?
8
Let a(k) = -k + 1. Let y be a(1). Let s = y + 5. What is the units digit of s?
5
Let q(l) = -138*l**2 - 2*l + 2. Let g be q(2). Let s be g/(-8) - 5/20. What is the units digit of s/6 - 1/2?
1
What is the tens digit of 297 - 4 - 2/(-6)*3?
9
Let y(c) = c - 2. Let o be y(6). Suppose 2*n - 5*p + 1 = 0, 16 = -n - o*p - 4. Let t(u) = u**3 + 9*u**2 + 8*u + 6. What is the units digit of t(n)?
6
Suppose 0 = 3*i - 6, i + 13 = 2*j - 1. Let g = j + -4. Suppose -r = g*r - 20. What is the units digit of r?
4
Suppose 2 = q - 0. Let a = 1 + q. Suppose y = a - 1. What is the units digit of y?
2
Let f = 40 - 7. What is the units digit of f?
3
Suppose 94 = 2*y - 14. Suppose -j + 3*j - y = 4*f, -3*f = -4*j + 93. What is the tens digit of j?
2
Let b be -1 + 2